{"id":3327,"date":"2025-03-20T13:11:01","date_gmt":"2025-03-20T13:11:01","guid":{"rendered":"https:\/\/www.normandie-couverture.com\/?page_id=3327"},"modified":"2025-05-28T14:58:24","modified_gmt":"2025-05-28T14:58:24","slug":"services-reparation","status":"publish","type":"page","link":"https:\/\/www.wh-couverture.fr\/?page_id=3327","title":{"rendered":"Services R\u00e9paration"},"content":{"rendered":"\t\t<div data-elementor-type=\"wp-page\" data-elementor-id=\"3327\" class=\"elementor elementor-3327\" data-elementor-settings=\"{&quot;ha_cmc_init_switcher&quot;:&quot;no&quot;}\">\n\t\t\t\t<div class=\"elementor-element elementor-element-1b09761e e-con-full e-flex e-con e-parent\" data-id=\"1b09761e\" data-element_type=\"container\" data-settings=\"{&quot;background_background&quot;:&quot;classic&quot;,&quot;_ha_eqh_enable&quot;:false}\">\n\t\t\t\t<div class=\"elementor-element elementor-element-73dd2963 elementor-widget elementor-widget-heading\" data-id=\"73dd2963\" data-element_type=\"widget\" data-widget_type=\"heading.default\">\n\t\t\t\t<div class=\"elementor-widget-container\">\n\t\t\t\t\t<h1 class=\"elementor-heading-title elementor-size-default\">R\u00e9paration de Toiture<\/h1>\t\t\t\t<\/div>\n\t\t\t\t<\/div>\n\t\t\t\t<\/div>\n\t\t<div class=\"elementor-element elementor-element-35f1fb8a e-flex e-con-boxed e-con e-parent\" data-id=\"35f1fb8a\" data-element_type=\"container\" data-settings=\"{&quot;_ha_eqh_enable&quot;:false}\">\n\t\t\t\t\t<div class=\"e-con-inner\">\n\t\t<div class=\"elementor-element elementor-element-426bdcfc e-con-full e-flex e-con e-child\" data-id=\"426bdcfc\" data-element_type=\"container\" data-settings=\"{&quot;_ha_eqh_enable&quot;:false}\">\n\t\t\t\t<div class=\"elementor-element elementor-element-7ada7c80 elementor-widget elementor-widget-text-editor\" data-id=\"7ada7c80\" data-element_type=\"widget\" data-widget_type=\"text-editor.default\">\n\t\t\t\t<div class=\"elementor-widget-container\">\n\t\t\t\t\t\t\t\t\t<p data-start=\"72\" data-end=\"160\">Vous r\u00e9sidez \u00e0 Lille ou dans les environs et souhaitez faire r\u00e9parer votre toiture ?<\/p><p data-start=\"72\" data-end=\"160\">\u00a0<\/p><p data-start=\"162\" data-end=\"465\">Faites confiance \u00e0 WH-Couverture pour tous vos travaux de couverture.<br data-start=\"235\" data-end=\"238\" \/>Qu\u2019il s\u2019agisse d\u2019une r\u00e9paration, d\u2019une r\u00e9novation ou d\u2019un entretien, notre \u00e9quipe professionnelle et polyvalente met tout son savoir-faire \u00e0 votre service pour vous garantir des r\u00e9sultats durables et de qualit\u00e9.<\/p>\t\t\t\t\t\t\t\t<\/div>\n\t\t\t\t<\/div>\n\t\t\t\t<div class=\"elementor-element elementor-element-c7c780d elementor-widget elementor-widget-heading\" data-id=\"c7c780d\" data-element_type=\"widget\" data-widget_type=\"heading.default\">\n\t\t\t\t<div class=\"elementor-widget-container\">\n\t\t\t\t\t<h2 class=\"elementor-heading-title elementor-size-default\">R\u00e9paration de toiture \u00e0 proximit\u00e9 de Lille :\n<p><\/p>\nFaites confiance \u00e0 WH COUVERTURE<\/h2>\t\t\t\t<\/div>\n\t\t\t\t<\/div>\n\t\t\t\t<div class=\"elementor-element elementor-element-f7f4350 elementor-widget elementor-widget-text-editor\" data-id=\"f7f4350\" data-element_type=\"widget\" data-widget_type=\"text-editor.default\">\n\t\t\t\t<div class=\"elementor-widget-container\">\n\t\t\t\t\t\t\t\t\t<p data-start=\"85\" data-end=\"342\">La r\u00e9paration de toiture est un m\u00e9tier qui exige expertise, pr\u00e9cision et savoir-faire.<br data-start=\"175\" data-end=\"178\" \/>Elle englobe de nombreuses prestations : r\u00e9novation de toiture, traitement hydrofuge, recoloration, mais aussi nettoyage, d\u00e9moussage, peinture, et bien plus encore.<\/p><p data-start=\"85\" data-end=\"342\">\u00a0<\/p><p data-start=\"344\" data-end=\"683\">Un toit ab\u00eem\u00e9 par les intemp\u00e9ries, les infiltrations ou une exposition prolong\u00e9e au soleil peut pr\u00e9senter des fissures, des fuites ou une perte d\u2019\u00e9tanch\u00e9it\u00e9. Une intervention rapide est cruciale pour \u00e9viter des d\u00e9g\u00e2ts plus importants.<br data-start=\"586\" data-end=\"589\" \/>WH-Couverture vous accompagne dans tous vos besoins en r\u00e9paration et entretien de toiture.<\/p><p data-start=\"685\" data-end=\"998\">Notre \u00e9quipe de couvreurs exp\u00e9riment\u00e9s, disponible 7j\/7, est \u00e9quip\u00e9e pour intervenir sur tous types de chantiers, m\u00eame les plus complexes.<\/p><p data-start=\"685\" data-end=\"998\"><br data-start=\"831\" data-end=\"834\" \/>Avant chaque intervention, nous r\u00e9alisons un diagnostic complet de votre toiture afin de vous proposer des solutions sur mesure, adapt\u00e9es \u00e0 votre situation.<\/p><p data-start=\"1000\" data-end=\"1274\">Bas\u00e9e \u00e0 Lille, WH-Couverture ma\u00eetrise l\u2019ensemble des techniques de r\u00e9paration et r\u00e9novation de toiture dans toute la m\u00e9tropole lilloise et ses alentours.<br data-start=\"1165\" data-end=\"1168\" \/>\u00c0 votre \u00e9coute, nous pouvons \u00e9galement vous accompagner dans vos projets de r\u00e9novation ext\u00e9rieure.<\/p>\t\t\t\t\t\t\t\t<\/div>\n\t\t\t\t<\/div>\n\t\t\t\t<div class=\"elementor-element elementor-element-b49383b elementor-widget elementor-widget-image\" data-id=\"b49383b\" data-element_type=\"widget\" data-widget_type=\"image.default\">\n\t\t\t\t<div class=\"elementor-widget-container\">\n\t\t\t\t\t\t\t\t\t\t\t\t\t\t\t<img fetchpriority=\"high\" decoding=\"async\" width=\"730\" height=\"490\" src=\"https:\/\/www.wh-couverture.fr\/wp-content\/uploads\/2025\/03\/comment-reparer-sa-toiture-apres-une-tempete-0c-00055-rsp.jpg\" class=\"attachment-full size-full wp-image-3330\" alt=\"\" srcset=\"https:\/\/www.wh-couverture.fr\/wp-content\/uploads\/2025\/03\/comment-reparer-sa-toiture-apres-une-tempete-0c-00055-rsp.jpg 730w, https:\/\/www.wh-couverture.fr\/wp-content\/uploads\/2025\/03\/comment-reparer-sa-toiture-apres-une-tempete-0c-00055-rsp-300x201.jpg 300w\" sizes=\"(max-width: 730px) 100vw, 730px\" \/>\t\t\t\t\t\t\t\t\t\t\t\t\t\t\t<\/div>\n\t\t\t\t<\/div>\n\t\t\t\t<div class=\"elementor-element elementor-element-7a13e7a5 elementor-widget elementor-widget-heading\" data-id=\"7a13e7a5\" data-element_type=\"widget\" data-widget_type=\"heading.default\">\n\t\t\t\t<div class=\"elementor-widget-container\">\n\t\t\t\t\t<h2 class=\"elementor-heading-title elementor-size-default\">WH COUVERTURE : Un service de qualit\u00e9 pour la r\u00e9paration de toiture \u00e0 Lille et ses environs<\/h2>\t\t\t\t<\/div>\n\t\t\t\t<\/div>\n\t\t\t\t<div class=\"elementor-element elementor-element-23f07cee elementor-widget elementor-widget-text-editor\" data-id=\"23f07cee\" data-element_type=\"widget\" data-widget_type=\"text-editor.default\">\n\t\t\t\t<div class=\"elementor-widget-container\">\n\t\t\t\t\t\t\t\t\t<p>Notre entreprise, sp\u00e9cialis\u00e9e dans la r\u00e9paration de toiture, intervient pour restaurer, entretenir et prot\u00e9ger votre toit face aux intemp\u00e9ries.<br data-start=\"246\" data-end=\"249\" \/>WH-Couverture, bas\u00e9e \u00e0 Lille, met \u00e0 votre service une \u00e9quipe de professionnels qualifi\u00e9s pour assurer la r\u00e9paration, la r\u00e9novation et l\u2019entretien de votre toiture, avec des solutions sur mesure, adapt\u00e9es \u00e0 chaque besoin.<\/p>\t\t\t\t\t\t\t\t<\/div>\n\t\t\t\t<\/div>\n\t\t\t\t<div class=\"elementor-element elementor-element-d380e83 elementor-widget elementor-widget-text-editor\" data-id=\"d380e83\" data-element_type=\"widget\" data-widget_type=\"text-editor.default\">\n\t\t\t\t<div class=\"elementor-widget-container\">\n\t\t\t\t\t\t\t\t\t<p data-start=\"491\" data-end=\"811\">Si votre toiture est ancienne ou endommag\u00e9e, nous pouvons la restaurer, la recolorer ou la remplacer, en fonction de vos besoins et de vos pr\u00e9f\u00e9rences.<br data-start=\"646\" data-end=\"649\" \/>Nous proposons \u00e9galement des services de nettoyage, d\u00e9moussage et traitement hydrofuge pour prolonger sa dur\u00e9e de vie et renforcer son \u00e9tanch\u00e9it\u00e9.<\/p><p data-start=\"491\" data-end=\"811\">\u00a0<\/p><p data-start=\"813\" data-end=\"1211\">La r\u00e9paration de toiture est un m\u00e9tier exigeant, qui demande un savoir-faire sp\u00e9cifique.<br data-start=\"905\" data-end=\"908\" \/>Pour \u00e9viter toute aggravation des d\u00e9g\u00e2ts, il est essentiel de faire appel \u00e0 des professionnels exp\u00e9riment\u00e9s.<br data-start=\"1016\" data-end=\"1019\" \/>Forte de plus de 5 ans d\u2019exp\u00e9rience, l\u2019\u00e9quipe WH-Couverture garantit des interventions rapides, efficaces et durables, pour assurer la protection de votre habitation sur le long terme.<\/p><p data-start=\"1213\" data-end=\"1448\">N\u00e9gliger l\u2019entretien de votre toit peut avoir de graves cons\u00e9quences sur la structure de votre maison, compromettant votre confort et votre s\u00e9curit\u00e9.<\/p><p data-start=\"1213\" data-end=\"1448\"><br data-start=\"1366\" data-end=\"1369\" \/>Faites confiance \u00e0 WH-Couverture pour un travail soign\u00e9, fiable et durable.<\/p><p data-start=\"1450\" data-end=\"1574\"><strong>Contactez-nous d\u00e8s maintenant pour un devis gratuit et une intervention rapide \u00e0 Lille et dans un rayon de 50 km.<\/strong><\/p>\t\t\t\t\t\t\t\t<\/div>\n\t\t\t\t<\/div>\n\t\t\t\t<\/div>\n\t\t<div class=\"elementor-element elementor-element-484abeb7 e-con-full e-flex e-con e-child\" data-id=\"484abeb7\" data-element_type=\"container\" data-settings=\"{&quot;_ha_eqh_enable&quot;:false}\">\n\t\t<div class=\"elementor-element elementor-element-379f4004 e-con-full e-flex e-con e-child\" data-id=\"379f4004\" data-element_type=\"container\" data-settings=\"{&quot;background_background&quot;:&quot;classic&quot;,&quot;_ha_eqh_enable&quot;:false}\">\n\t\t\t\t<div class=\"elementor-element elementor-element-5c35450a elementor-widget-tablet__width-initial elementor-widget elementor-widget-ehome-contact-form-widget\" data-id=\"5c35450a\" data-element_type=\"widget\" data-widget_type=\"ehome-contact-form-widget.default\">\n\t\t\t\t<div class=\"elementor-widget-container\">\n\t\t\t\t\t\r\n\r\n\t\r\n\r\n\t<div class=\"contact-wrapper\">\r\n\t\t<div class=\"contact-items\">\r\n\t\t\t<h3>DEVIS GRATUIT<\/h3>\r\n\t\t\t\n<div class=\"wpcf7 no-js\" id=\"wpcf7-f2979-o1\" lang=\"en-US\" dir=\"ltr\" data-wpcf7-id=\"2979\">\n<div class=\"screen-reader-response\"><p role=\"status\" aria-live=\"polite\" aria-atomic=\"true\"><\/p> <ul><\/ul><\/div>\n<form action=\"\/index.php?rest_route=%2Fwp%2Fv2%2Fpages%2F3327#wpcf7-f2979-o1\" method=\"post\" class=\"wpcf7-form init\" aria-label=\"Contact form\" novalidate=\"novalidate\" data-status=\"init\">\n<div style=\"display: none;\">\n<input type=\"hidden\" name=\"_wpcf7\" value=\"2979\" \/>\n<input type=\"hidden\" name=\"_wpcf7_version\" value=\"6.0.5\" \/>\n<input type=\"hidden\" name=\"_wpcf7_locale\" value=\"en_US\" \/>\n<input type=\"hidden\" name=\"_wpcf7_unit_tag\" value=\"wpcf7-f2979-o1\" \/>\n<input type=\"hidden\" name=\"_wpcf7_container_post\" value=\"0\" \/>\n<input type=\"hidden\" name=\"_wpcf7_posted_data_hash\" value=\"\" \/>\n<\/div>\n<div class=\"row g-4\">\n    <div class=\"col-lg-12 wow fadeInUp\">\n        <div class=\"form-clt\">\n            <span class=\"wpcf7-form-control-wrap\" data-name=\"text-437\"><input size=\"40\" maxlength=\"400\" class=\"wpcf7-form-control wpcf7-text\" aria-invalid=\"false\" placeholder=\"Nom\" value=\"\" type=\"text\" name=\"text-437\" \/><\/span>           \n        <\/div>\n    <\/div>\n  \n    <div class=\"col-lg-12 wow fadeInUp\">\n        <div class=\"form-clt\">\n            <span class=\"wpcf7-form-control-wrap\" data-name=\"tel-478\"><input size=\"40\" maxlength=\"400\" class=\"wpcf7-form-control wpcf7-tel wpcf7-text wpcf7-validates-as-tel\" aria-invalid=\"false\" placeholder=\"T\u00e9l\u00e9phone\" value=\"\" type=\"tel\" name=\"tel-478\" \/><\/span>\n        <\/div>\n    <\/div>\n    <div class=\"col-lg-12 wow fadeInUp\">\n        <div class=\"form-clt\">\n            <span class=\"wpcf7-form-control-wrap\" data-name=\"email-879\"><input size=\"40\" maxlength=\"400\" class=\"wpcf7-form-control wpcf7-email wpcf7-validates-as-required wpcf7-text wpcf7-validates-as-email\" aria-required=\"true\" aria-invalid=\"false\" placeholder=\"Email\" value=\"\" type=\"email\" name=\"email-879\" \/><\/span>\n        <\/div>\n    <\/div>\n    <div class=\"col-lg-12 wow fadeInUp\">\n        <div class=\"form-clt\">\n            <span class=\"wpcf7-form-control-wrap\" data-name=\"textarea-515\"><textarea cols=\"40\" rows=\"10\" maxlength=\"2000\" class=\"wpcf7-form-control wpcf7-textarea\" aria-invalid=\"false\" placeholder=\"Message\" name=\"textarea-515\"><\/textarea><\/span>\n        <\/div>\n    <\/div>\n    <div class=\"col-lg-12 wow fadeInUp\">\n        <button type=\"submit\" class=\"theme-btn w-100\">\n            ENVOYER\n        <\/button>\n    <\/div>\n<\/div><div class=\"wpcf7-response-output\" aria-hidden=\"true\"><\/div>\n<\/form>\n<\/div>\n\t\t<\/div>    \r\n    <\/div>\r\n\r\n\t\r\n\r\n             \r\n\t\t\t\t\t\t<\/div>\n\t\t\t\t<\/div>\n\t\t\t\t<\/div>\n\t\t\t\t<\/div>\n\t\t\t\t\t<\/div>\n\t\t\t\t<\/div>\n\t\t\t\t<\/div>\n\t\t","protected":false},"excerpt":{"rendered":"<p>R\u00e9paration de Toiture Vous r\u00e9sidez \u00e0 Lille ou dans les environs et souhaitez faire r\u00e9parer votre toiture ? \u00a0 Faites confiance \u00e0 WH-Couverture pour tous vos travaux de couverture.Qu\u2019il s\u2019agisse d\u2019une r\u00e9paration, d\u2019une r\u00e9novation ou d\u2019un entretien, notre \u00e9quipe professionnelle et polyvalente met tout son savoir-faire \u00e0 votre service pour vous garantir des r\u00e9sultats durables<\/p>\n","protected":false},"author":2,"featured_media":0,"parent":0,"menu_order":0,"comment_status":"closed","ping_status":"closed","template":"elementor_header_footer","meta":{"inline_featured_image":false,"footnotes":""},"class_list":["post-3327","page","type-page","status-publish","hentry"],"aioseo_notices":[],"_links":{"self":[{"href":"https:\/\/www.wh-couverture.fr\/index.php?rest_route=\/wp\/v2\/pages\/3327","targetHints":{"allow":["GET"]}}],"collection":[{"href":"https:\/\/www.wh-couverture.fr\/index.php?rest_route=\/wp\/v2\/pages"}],"about":[{"href":"https:\/\/www.wh-couverture.fr\/index.php?rest_route=\/wp\/v2\/types\/page"}],"author":[{"embeddable":true,"href":"https:\/\/www.wh-couverture.fr\/index.php?rest_route=\/wp\/v2\/users\/2"}],"replies":[{"embeddable":true,"href":"https:\/\/www.wh-couverture.fr\/index.php?rest_route=%2Fwp%2Fv2%2Fcomments&post=3327"}],"version-history":[{"count":15,"href":"https:\/\/www.wh-couverture.fr\/index.php?rest_route=\/wp\/v2\/pages\/3327\/revisions"}],"predecessor-version":[{"id":5047,"href":"https:\/\/www.wh-couverture.fr\/index.php?rest_route=\/wp\/v2\/pages\/3327\/revisions\/5047"}],"wp:attachment":[{"href":"https:\/\/www.wh-couverture.fr\/index.php?rest_route=%2Fwp%2Fv2%2Fmedia&parent=3327"}],"curies":[{"name":"wp","href":"https:\/\/api.w.org\/{rel}","templated":true}]}}