{"id":3208,"date":"2025-03-20T10:43:31","date_gmt":"2025-03-20T10:43:31","guid":{"rendered":"https:\/\/www.normandie-couverture.com\/?page_id=3208"},"modified":"2025-05-28T15:38:11","modified_gmt":"2025-05-28T15:38:11","slug":"couvreur","status":"publish","type":"page","link":"https:\/\/www.wh-couverture.fr\/?page_id=3208","title":{"rendered":"Services Couvreur"},"content":{"rendered":"\t\t<div data-elementor-type=\"wp-page\" data-elementor-id=\"3208\" class=\"elementor elementor-3208\" data-elementor-settings=\"{&quot;ha_cmc_init_switcher&quot;:&quot;no&quot;}\">\n\t\t\t\t<div class=\"elementor-element elementor-element-1b09761e e-con-full e-flex e-con e-parent\" data-id=\"1b09761e\" data-element_type=\"container\" data-settings=\"{&quot;background_background&quot;:&quot;classic&quot;,&quot;_ha_eqh_enable&quot;:false}\">\n\t\t\t\t<div class=\"elementor-element elementor-element-73dd2963 elementor-widget elementor-widget-heading\" data-id=\"73dd2963\" data-element_type=\"widget\" data-widget_type=\"heading.default\">\n\t\t\t\t<div class=\"elementor-widget-container\">\n\t\t\t\t\t<h1 class=\"elementor-heading-title elementor-size-default\">Couvreur \u00e0 Lille<\/h1>\t\t\t\t<\/div>\n\t\t\t\t<\/div>\n\t\t\t\t<\/div>\n\t\t<div class=\"elementor-element elementor-element-35f1fb8a e-flex e-con-boxed e-con e-parent\" data-id=\"35f1fb8a\" data-element_type=\"container\" data-settings=\"{&quot;_ha_eqh_enable&quot;:false}\">\n\t\t\t\t\t<div class=\"e-con-inner\">\n\t\t<div class=\"elementor-element elementor-element-426bdcfc e-con-full e-flex e-con e-child\" data-id=\"426bdcfc\" data-element_type=\"container\" data-settings=\"{&quot;_ha_eqh_enable&quot;:false}\">\n\t\t\t\t<div class=\"elementor-element elementor-element-c7c780d elementor-widget elementor-widget-heading\" data-id=\"c7c780d\" data-element_type=\"widget\" data-widget_type=\"heading.default\">\n\t\t\t\t<div class=\"elementor-widget-container\">\n\t\t\t\t\t<h2 class=\"elementor-heading-title elementor-size-default\">WH COUVERTURE : \n<p><\/p>\nVotre Couvreur \u00e0 Lille<\/h2>\t\t\t\t<\/div>\n\t\t\t\t<\/div>\n\t\t\t\t<div class=\"elementor-element elementor-element-7ada7c80 elementor-widget elementor-widget-text-editor\" data-id=\"7ada7c80\" data-element_type=\"widget\" data-widget_type=\"text-editor.default\">\n\t\t\t\t<div class=\"elementor-widget-container\">\n\t\t\t\t\t\t\t\t\t<p data-start=\"81\" data-end=\"276\"><strong data-start=\"81\" data-end=\"276\">Le toit est un \u00e9l\u00e9ment essentiel de votre maison, mais il peut se d\u00e9t\u00e9riorer avec le temps. Pour garantir sa durabilit\u00e9 et sa performance, l\u2019intervention d\u2019un professionnel est indispensable.<\/strong><\/p><p data-start=\"81\" data-end=\"276\">\u00a0<\/p><p data-start=\"278\" data-end=\"557\"><strong data-start=\"278\" data-end=\"295\">WH-Couverture<\/strong>, sp\u00e9cialiste de la couverture et de l\u2019\u00e9tanch\u00e9it\u00e9, vous propose des solutions sur mesure, adapt\u00e9es \u00e0 tous types de toitures. Qu\u2019il s\u2019agisse d\u2019une r\u00e9paration, d\u2019une r\u00e9novation ou d\u2019un entretien, nous mettons tout notre savoir-faire au service de votre habitation.<\/p><p data-start=\"559\" data-end=\"717\"><strong data-start=\"559\" data-end=\"576\">Bas\u00e9s \u00e0 Lille<\/strong>, nous intervenons dans toute la m\u00e9tropole lilloise et jusqu\u2019\u00e0 50 km autour, pour assurer la solidit\u00e9 et la protection durable de votre toit.<\/p>\t\t\t\t\t\t\t\t<\/div>\n\t\t\t\t<\/div>\n\t\t\t\t<div class=\"elementor-element elementor-element-e2e5c7e elementor-widget elementor-widget-image\" data-id=\"e2e5c7e\" data-element_type=\"widget\" data-widget_type=\"image.default\">\n\t\t\t\t<div class=\"elementor-widget-container\">\n\t\t\t\t\t\t\t\t\t\t\t\t\t\t\t<img fetchpriority=\"high\" decoding=\"async\" width=\"945\" height=\"496\" src=\"https:\/\/www.wh-couverture.fr\/wp-content\/uploads\/2025\/03\/adobestock-192205419.jpeg\" class=\"attachment-full size-full wp-image-3989\" alt=\"\" srcset=\"https:\/\/www.wh-couverture.fr\/wp-content\/uploads\/2025\/03\/adobestock-192205419.jpeg 945w, https:\/\/www.wh-couverture.fr\/wp-content\/uploads\/2025\/03\/adobestock-192205419-300x157.jpeg 300w, https:\/\/www.wh-couverture.fr\/wp-content\/uploads\/2025\/03\/adobestock-192205419-768x403.jpeg 768w\" sizes=\"(max-width: 945px) 100vw, 945px\" \/>\t\t\t\t\t\t\t\t\t\t\t\t\t\t\t<\/div>\n\t\t\t\t<\/div>\n\t\t\t\t<div class=\"elementor-element elementor-element-7a13e7a5 elementor-widget elementor-widget-heading\" data-id=\"7a13e7a5\" data-element_type=\"widget\" data-widget_type=\"heading.default\">\n\t\t\t\t<div class=\"elementor-widget-container\">\n\t\t\t\t\t<h2 class=\"elementor-heading-title elementor-size-default\">Des artisans couvreurs professionnels \u00e0 votre service<\/h2>\t\t\t\t<\/div>\n\t\t\t\t<\/div>\n\t\t\t\t<div class=\"elementor-element elementor-element-23f07cee elementor-widget elementor-widget-text-editor\" data-id=\"23f07cee\" data-element_type=\"widget\" data-widget_type=\"text-editor.default\">\n\t\t\t\t<div class=\"elementor-widget-container\">\n\t\t\t\t\t\t\t\t\t<p data-start=\"85\" data-end=\"361\">Le toit, souvent consid\u00e9r\u00e9 comme la cinqui\u00e8me fa\u00e7ade de votre maison, joue un r\u00f4le essentiel dans la protection, l&rsquo;isolation et l\u2019esth\u00e9tique de votre habitation. Son entretien et sa r\u00e9paration sont indispensables pour garantir son \u00e9tanch\u00e9it\u00e9, sa durabilit\u00e9 et sa solidit\u00e9.<\/p><p data-start=\"363\" data-end=\"541\">C\u2019est pourquoi faire appel \u00e0 un couvreur qualifi\u00e9 est essentiel. Il doit ma\u00eetriser l\u2019ensemble des techniques li\u00e9es \u00e0 la couverture pour assurer la long\u00e9vit\u00e9 de votre toiture.<\/p><p data-start=\"363\" data-end=\"541\">\u00a0<\/p><p data-start=\"543\" data-end=\"749\">WH-Couverture, sp\u00e9cialiste des travaux de couverture \u00e0 Lille et dans toute la m\u00e9tropole lilloise, met \u00e0 votre service son savoir-faire pour l\u2019entretien, la r\u00e9novation et la protection de votre toit.<\/p><p data-start=\"751\" data-end=\"992\">Avec plus de 10 ans d\u2019exp\u00e9rience, notre \u00e9quipe r\u00e9alise tous types de travaux : r\u00e9paration et r\u00e9novation de toiture, nettoyage et d\u00e9moussage, pose de fen\u00eatres de toit (type Velux), travaux d\u2019\u00e9tanch\u00e9it\u00e9, zinguerie et pose de goutti\u00e8res.<\/p>\t\t\t\t\t\t\t\t<\/div>\n\t\t\t\t<\/div>\n\t\t\t\t<div class=\"elementor-element elementor-element-7a52d1f1 elementor-widget elementor-widget-text-editor\" data-id=\"7a52d1f1\" data-element_type=\"widget\" data-widget_type=\"text-editor.default\">\n\t\t\t\t<div class=\"elementor-widget-container\">\n\t\t\t\t\t\t\t\t\t<p data-start=\"93\" data-end=\"282\">Que vous ayez besoin d\u2019une intervention compl\u00e8te ou d\u2019une simple remise en \u00e9tat, WH-Couverture vous propose des solutions sur mesure pour renforcer, prot\u00e9ger et valoriser votre toiture.<\/p><p data-start=\"93\" data-end=\"282\">\u00a0<\/p><p data-start=\"284\" data-end=\"522\">L\u2019entretien r\u00e9gulier de votre toit est essentiel pour garantir sa r\u00e9sistance face aux intemp\u00e9ries. Une toiture bien entretenue vieillit mieux, pr\u00e9serve l\u2019isolation de votre habitation et limite les risques de d\u00e9gradations li\u00e9es au climat.<\/p><p data-start=\"524\" data-end=\"744\">WH-Couverture vous accompagne avec un service r\u00e9actif et disponible, y compris en cas d\u2019urgence. Nous intervenons rapidement pour tout d\u00e9pannage : fuite, tuile cass\u00e9e, infiltration ou dommages caus\u00e9s par une temp\u00eate.<\/p><p data-start=\"746\" data-end=\"928\">Pour retrouver votre confort rapidement, obtenir un devis ou faire une d\u00e9claration d\u2019assurance, contactez WH-Couverture, votre couvreur de confiance \u00e0 Lille et dans ses environs.<\/p>\t\t\t\t\t\t\t\t<\/div>\n\t\t\t\t<\/div>\n\t\t\t\t<div class=\"elementor-element elementor-element-2c9a935 elementor-widget elementor-widget-heading\" data-id=\"2c9a935\" data-element_type=\"widget\" data-widget_type=\"heading.default\">\n\t\t\t\t<div class=\"elementor-widget-container\">\n\t\t\t\t\t<h2 class=\"elementor-heading-title elementor-size-default\">Couvreur \u00e0 petit Prix sur Lille et ses environs<\/h2>\t\t\t\t<\/div>\n\t\t\t\t<\/div>\n\t\t\t\t<div class=\"elementor-element elementor-element-3996dd39 elementor-widget elementor-widget-text-editor\" data-id=\"3996dd39\" data-element_type=\"widget\" data-widget_type=\"text-editor.default\">\n\t\t\t\t<div class=\"elementor-widget-container\">\n\t\t\t\t\t\t\t\t\t<p data-start=\"112\" data-end=\"406\">Il est ind\u00e9niable que votre toit vous prot\u00e8ge des intemp\u00e9ries\u2026 mais qui prend soin de lui ?<\/p><p data-start=\"112\" data-end=\"406\"><br data-start=\"207\" data-end=\"210\" \/>Sans entretien r\u00e9gulier, mousses, lichens et salet\u00e9s s\u2019accumulent, nuisant \u00e0 son efficacit\u00e9, son \u00e9tanch\u00e9it\u00e9 et son apparence. Pour pr\u00e9server sa durabilit\u00e9, un nettoyage r\u00e9gulier est essentiel.<\/p><p data-start=\"408\" data-end=\"702\">WH-Couverture intervient \u00e0 Lille et dans toute la m\u00e9tropole lilloise pour le nettoyage et le d\u00e9moussage de toitures.<br data-start=\"528\" data-end=\"531\" \/>Quelle que soit la m\u00e9thode utilis\u00e9e, notre priorit\u00e9 reste la m\u00eame : \u00e9liminer les d\u00e9p\u00f4ts ind\u00e9sirables qui fragilisent votre couverture et acc\u00e9l\u00e8rent son vieillissement.<\/p><p data-start=\"408\" data-end=\"702\">\u00a0<\/p><p data-start=\"704\" data-end=\"1070\">Un toit propre, ce n\u2019est pas qu\u2019une question d\u2019esth\u00e9tique : le nettoyage am\u00e9liore aussi son \u00e9tanch\u00e9it\u00e9.<br data-start=\"811\" data-end=\"814\" \/>Mais attention : seuls les bons produits et techniques pr\u00e9servent les mat\u00e9riaux.<br data-start=\"894\" data-end=\"897\" \/>Pour une protection optimale, nous recommandons l\u2019application d\u2019un traitement hydrofuge, qui renforce l\u2019imperm\u00e9abilisation et prolonge la dur\u00e9e de vie de votre toit.<\/p>\t\t\t\t\t\t\t\t<\/div>\n\t\t\t\t<\/div>\n\t\t\t\t<\/div>\n\t\t<div class=\"elementor-element elementor-element-484abeb7 e-con-full e-flex e-con e-child\" data-id=\"484abeb7\" data-element_type=\"container\" data-settings=\"{&quot;_ha_eqh_enable&quot;:false}\">\n\t\t<div class=\"elementor-element elementor-element-379f4004 e-con-full e-flex e-con e-child\" data-id=\"379f4004\" data-element_type=\"container\" data-settings=\"{&quot;background_background&quot;:&quot;classic&quot;,&quot;_ha_eqh_enable&quot;:false}\">\n\t\t\t\t<div class=\"elementor-element elementor-element-5c35450a elementor-widget-tablet__width-initial elementor-widget elementor-widget-ehome-contact-form-widget\" data-id=\"5c35450a\" data-element_type=\"widget\" data-widget_type=\"ehome-contact-form-widget.default\">\n\t\t\t\t<div class=\"elementor-widget-container\">\n\t\t\t\t\t\r\n\r\n\t\r\n\r\n\t<div class=\"contact-wrapper\">\r\n\t\t<div class=\"contact-items\">\r\n\t\t\t<h3>DEVIS GRATUIT<\/h3>\r\n\t\t\t\n<div class=\"wpcf7 no-js\" id=\"wpcf7-f2979-o1\" lang=\"en-US\" dir=\"ltr\" data-wpcf7-id=\"2979\">\n<div class=\"screen-reader-response\"><p role=\"status\" aria-live=\"polite\" aria-atomic=\"true\"><\/p> <ul><\/ul><\/div>\n<form action=\"\/index.php?rest_route=%2Fwp%2Fv2%2Fpages%2F3208#wpcf7-f2979-o1\" method=\"post\" class=\"wpcf7-form init\" aria-label=\"Contact form\" novalidate=\"novalidate\" data-status=\"init\">\n<div style=\"display: none;\">\n<input type=\"hidden\" name=\"_wpcf7\" value=\"2979\" \/>\n<input type=\"hidden\" name=\"_wpcf7_version\" value=\"6.0.5\" \/>\n<input type=\"hidden\" name=\"_wpcf7_locale\" value=\"en_US\" \/>\n<input type=\"hidden\" name=\"_wpcf7_unit_tag\" value=\"wpcf7-f2979-o1\" \/>\n<input type=\"hidden\" name=\"_wpcf7_container_post\" value=\"0\" \/>\n<input type=\"hidden\" name=\"_wpcf7_posted_data_hash\" value=\"\" \/>\n<\/div>\n<div class=\"row g-4\">\n    <div class=\"col-lg-12 wow fadeInUp\">\n        <div class=\"form-clt\">\n            <span class=\"wpcf7-form-control-wrap\" data-name=\"text-437\"><input size=\"40\" maxlength=\"400\" class=\"wpcf7-form-control wpcf7-text\" aria-invalid=\"false\" placeholder=\"Nom\" value=\"\" type=\"text\" name=\"text-437\" \/><\/span>           \n        <\/div>\n    <\/div>\n  \n    <div class=\"col-lg-12 wow fadeInUp\">\n        <div class=\"form-clt\">\n            <span class=\"wpcf7-form-control-wrap\" data-name=\"tel-478\"><input size=\"40\" maxlength=\"400\" class=\"wpcf7-form-control wpcf7-tel wpcf7-text wpcf7-validates-as-tel\" aria-invalid=\"false\" placeholder=\"T\u00e9l\u00e9phone\" value=\"\" type=\"tel\" name=\"tel-478\" \/><\/span>\n        <\/div>\n    <\/div>\n    <div class=\"col-lg-12 wow fadeInUp\">\n        <div class=\"form-clt\">\n            <span class=\"wpcf7-form-control-wrap\" data-name=\"email-879\"><input size=\"40\" maxlength=\"400\" class=\"wpcf7-form-control wpcf7-email wpcf7-validates-as-required wpcf7-text wpcf7-validates-as-email\" aria-required=\"true\" aria-invalid=\"false\" placeholder=\"Email\" value=\"\" type=\"email\" name=\"email-879\" \/><\/span>\n        <\/div>\n    <\/div>\n    <div class=\"col-lg-12 wow fadeInUp\">\n        <div class=\"form-clt\">\n            <span class=\"wpcf7-form-control-wrap\" data-name=\"textarea-515\"><textarea cols=\"40\" rows=\"10\" maxlength=\"2000\" class=\"wpcf7-form-control wpcf7-textarea\" aria-invalid=\"false\" placeholder=\"Message\" name=\"textarea-515\"><\/textarea><\/span>\n        <\/div>\n    <\/div>\n    <div class=\"col-lg-12 wow fadeInUp\">\n        <button type=\"submit\" class=\"theme-btn w-100\">\n            ENVOYER\n        <\/button>\n    <\/div>\n<\/div><div class=\"wpcf7-response-output\" aria-hidden=\"true\"><\/div>\n<\/form>\n<\/div>\n\t\t<\/div>    \r\n    <\/div>\r\n\r\n\t\r\n\r\n             \r\n\t\t\t\t\t\t<\/div>\n\t\t\t\t<\/div>\n\t\t\t\t<\/div>\n\t\t\t\t<\/div>\n\t\t\t\t\t<\/div>\n\t\t\t\t<\/div>\n\t\t\t\t<\/div>\n\t\t","protected":false},"excerpt":{"rendered":"<p>Couvreur \u00e0 Lille WH COUVERTURE : Votre Couvreur \u00e0 Lille Le toit est un \u00e9l\u00e9ment essentiel de votre maison, mais il peut se d\u00e9t\u00e9riorer avec le temps. Pour garantir sa durabilit\u00e9 et sa performance, l\u2019intervention d\u2019un professionnel est indispensable. \u00a0 WH-Couverture, sp\u00e9cialiste de la couverture et de l\u2019\u00e9tanch\u00e9it\u00e9, vous propose des solutions sur mesure, adapt\u00e9es<\/p>\n","protected":false},"author":2,"featured_media":0,"parent":0,"menu_order":0,"comment_status":"closed","ping_status":"closed","template":"elementor_header_footer","meta":{"inline_featured_image":false,"footnotes":""},"class_list":["post-3208","page","type-page","status-publish","hentry"],"aioseo_notices":[],"_links":{"self":[{"href":"https:\/\/www.wh-couverture.fr\/index.php?rest_route=\/wp\/v2\/pages\/3208","targetHints":{"allow":["GET"]}}],"collection":[{"href":"https:\/\/www.wh-couverture.fr\/index.php?rest_route=\/wp\/v2\/pages"}],"about":[{"href":"https:\/\/www.wh-couverture.fr\/index.php?rest_route=\/wp\/v2\/types\/page"}],"author":[{"embeddable":true,"href":"https:\/\/www.wh-couverture.fr\/index.php?rest_route=\/wp\/v2\/users\/2"}],"replies":[{"embeddable":true,"href":"https:\/\/www.wh-couverture.fr\/index.php?rest_route=%2Fwp%2Fv2%2Fcomments&post=3208"}],"version-history":[{"count":33,"href":"https:\/\/www.wh-couverture.fr\/index.php?rest_route=\/wp\/v2\/pages\/3208\/revisions"}],"predecessor-version":[{"id":5096,"href":"https:\/\/www.wh-couverture.fr\/index.php?rest_route=\/wp\/v2\/pages\/3208\/revisions\/5096"}],"wp:attachment":[{"href":"https:\/\/www.wh-couverture.fr\/index.php?rest_route=%2Fwp%2Fv2%2Fmedia&parent=3208"}],"curies":[{"name":"wp","href":"https:\/\/api.w.org\/{rel}","templated":true}]}}